{"id":44,"date":"2022-05-20T06:46:14","date_gmt":"2022-05-20T04:46:14","guid":{"rendered":"https:\/\/ww7.inapp.org\/accreditamento\/?p=7619"},"modified":"2023-03-22T12:07:21","modified_gmt":"2023-03-22T11:07:21","slug":"umbria","status":"publish","type":"page","link":"https:\/\/intest.inapp.org\/accreditamento\/dispositivi-di-accreditamento\/umbria\/","title":{"rendered":"Umbria"},"content":{"rendered":"\n<p>La normativa regionale relativa all\u2019accreditamento degli organismi formativi \u00e8 stata approvata nel 2004 ed \u00e8 stata oggetto di successive revisioni.<\/p>\n\n\n\n<p>L\u2019accreditamento per la formazione e quello per i servizi al lavoro sono in parte integrati e gestiti dalla stessa struttura regionale: gli organismi gi\u00e0 accreditati per la formazione non devono documentare alcuni requisiti per l\u2019accreditamento per i servizi al lavoro; non avviene per\u00f2 l\u2019inverso per gli organismi che sono in possesso dell\u2019accreditamento per i servizi al lavoro e vogliono accreditarsi anche per la formazione. Inoltre, gli organismi in possesso dell\u2019accreditamento per la formazione professionale e\/o per i servizi al lavoro possono accedere all\u2019esercizio delle funzioni a presidio dell\u2019erogazione dei servizi di individuazione, validazione e certificazione delle competenze attraverso una procedura semplificata; anche in questo caso non sono per\u00f2 previste agevolazioni all\u2019inverso.<\/p>\n\n\n\n<p>Di seguito le principali caratteristiche del dispositivo regionale:<\/p>\n\n\n\n<ul>\n<li>Sono previsti due ambiti di accreditamento: formazione e orientamento (l\u2019orientamento per\u00f2 non \u00e8 pi\u00f9 collegato all\u2019accreditamento per la formazione ma \u00e8 stato di fatto inserito nell\u2019accreditamento per i servizi al lavoro).<\/li>\n\n\n\n<li>Le macrotipologie previste sono: formazione iniziale, formazione superiore, formazione continua e permanente.&nbsp;<\/li>\n\n\n\n<li>Il dispositivo di accreditamento si applica anche alle attivit\u00e0 autofinanziate.<\/li>\n\n\n\n<li>La certificazione di qualit\u00e0 \u00e8 facoltativa. Gli organismi in possesso di sistema qualit\u00e0 certificato beneficiano di procedure semplificate per l\u2019accreditamento e per il&nbsp; mantenimento.&nbsp;<\/li>\n<\/ul>\n\n\n\n<figure class=\"wp-block-table\"><table><tbody><tr><td><strong>Provvedimento<\/strong><\/td><td><strong>Oggetto<\/strong><\/td><\/tr><tr><td>Delibera di Giunta Regionale n. 1948 del 9\/12\/2004&nbsp;&nbsp;<\/td><td>Approvazione del <a href=\"\/accreditamento\/wp-content\/uploads\/sites\/4\/2022\/07\/1_Umbria_DGR_1948_del-9.12.04_Regolamento.pdf\" data-type=\"URL\" data-id=\"\/accreditamento\/wp-content\/uploads\/sites\/4\/2022\/07\/1_Umbria_DGR_1948_del-9.12.04_Regolamento.pdf\">Regolamento<\/a> e del<a href=\"\/accreditamento\/wp-content\/uploads\/sites\/4\/2022\/07\/2_Umbria_DGR_1948_del-9.12.04_Dispositivo.pdf\" data-type=\"URL\" data-id=\"\/accreditamento\/wp-content\/uploads\/sites\/4\/2022\/07\/2_Umbria_DGR_1948_del-9.12.04_Dispositivo.pdf\"> Dispositivo per l\u2019accreditamento<\/a> delle attivit\u00e0 di formazione<\/td><\/tr><tr><td>Delibera di Giunta Regionale n. 656 del 23\/04\/2007<\/td><td>Approvazione della <a href=\"\/accreditamento\/wp-content\/uploads\/sites\/4\/2022\/07\/4_Umbria_DG_-656_del-23.4.07_disposizioni-mantenimento.pdf\" data-type=\"URL\" data-id=\"\/accreditamento\/wp-content\/uploads\/sites\/4\/2022\/07\/4_Umbria_DG_-656_del-23.4.07_disposizioni-mantenimento.pdf\">Procedura attuativa per il mantenimento dell\u2019accreditamento<\/a> delle attivit\u00e0 di formazione<\/td><\/tr><tr><td>Delibera Giunta Regionale n. 95 del&nbsp; 04\/02\/2008<\/td><td>Approvazione di <a href=\"\/accreditamento\/wp-content\/uploads\/sites\/4\/2022\/07\/5_Umbria_DGR_95_del-4.2.08_disposizioni-mantenimento-.pdf\" data-type=\"URL\" data-id=\"\/accreditamento\/wp-content\/uploads\/sites\/4\/2022\/07\/5_Umbria_DGR_95_del-4.2.08_disposizioni-mantenimento-.pdf\">Ulteriori disposizioni in materia di accreditamento e mantenimento<\/a><\/td><\/tr><tr><td>Delibera Giunta Regionale n. 159 del&nbsp; 18\/02\/2015<\/td><td>Approvazione di <a href=\"\/accreditamento\/wp-content\/uploads\/sites\/4\/2022\/07\/6_Umbria_DGR_159_del-18.2.15_mantenimento-e-controlli.pdf\" data-type=\"URL\" data-id=\"\/accreditamento\/wp-content\/uploads\/sites\/4\/2022\/07\/6_Umbria_DGR_159_del-18.2.15_mantenimento-e-controlli.pdf\">Disposizioni relative a mantenimento e&nbsp; controlli a campione<\/a><\/td><\/tr><tr><td>Delibera di Giunta Regionale n. 541 del 9\/06\/2021<\/td><td>Approvazione\u00a0<a href=\"https:\/\/www.inapp.gov.it\/accreditamento\/wp-content\/uploads\/sites\/4\/2023\/03\/8_Umbria_DGR-541_2021_All-A-Disciplina-Accreditamento-Obbligo-Istruzione.pdf\">Disciplina<\/a> e\u00a0<a href=\"https:\/\/www.inapp.gov.it\/accreditamento\/wp-content\/uploads\/sites\/4\/2023\/03\/9_Umbria_DGR-541_2021_All-B-Dispositivo-tecnico-Obbligo-Istruzione.pdf\">Dispositivo accreditamento per macrotipologia Obbligo di Istruzione<\/a><\/td><\/tr><\/tbody><\/table><\/figure>\n","protected":false},"excerpt":{"rendered":"<p>La normativa regionale relativa all\u2019accreditamento degli organismi formativi \u00e8 stata approvata nel 2004 ed \u00e8 stata oggetto di successive revisioni. L\u2019accreditamento per la formazione e quello per i servizi al lavoro sono in parte integrati e gestiti dalla stessa struttura regionale: gli organismi gi\u00e0 accreditati per la formazione non devono documentare alcuni requisiti per l\u2019accreditamento [&hellip;]<\/p>\n","protected":false},"author":1,"featured_media":0,"parent":2,"menu_order":0,"comment_status":"closed","ping_status":"closed","template":"dispositivi.php","meta":{"footnotes":""},"acf":[],"yoast_head":"<!-- This site is optimized with the Yoast SEO plugin v21.1 - https:\/\/yoast.com\/wordpress\/plugins\/seo\/ -->\n<title>Umbria - Portale accreditamento<\/title>\n<meta name=\"robots\" content=\"index, follow, max-snippet:-1, max-image-preview:large, max-video-preview:-1\" \/>\n<link rel=\"canonical\" href=\"https:\/\/intest.inapp.org\/accreditamento\/dispositivi-di-accreditamento\/umbria\/\" \/>\n<meta property=\"og:locale\" content=\"it_IT\" \/>\n<meta property=\"og:type\" content=\"article\" \/>\n<meta property=\"og:title\" content=\"Umbria - Portale accreditamento\" \/>\n<meta property=\"og:description\" content=\"La normativa regionale relativa all\u2019accreditamento degli organismi formativi \u00e8 stata approvata nel 2004 ed \u00e8 stata oggetto di successive revisioni. L\u2019accreditamento per la formazione e quello per i servizi al lavoro sono in parte integrati e gestiti dalla stessa struttura regionale: gli organismi gi\u00e0 accreditati per la formazione non devono documentare alcuni requisiti per l\u2019accreditamento [&hellip;]\" \/>\n<meta property=\"og:url\" content=\"https:\/\/intest.inapp.org\/accreditamento\/dispositivi-di-accreditamento\/umbria\/\" \/>\n<meta property=\"og:site_name\" content=\"Portale accreditamento\" \/>\n<meta property=\"article:modified_time\" content=\"2023-03-22T11:07:21+00:00\" \/>\n<meta name=\"twitter:card\" content=\"summary_large_image\" \/>\n<meta name=\"twitter:label1\" content=\"Tempo di lettura stimato\" \/>\n\t<meta name=\"twitter:data1\" content=\"2 minuti\" \/>\n<script type=\"application\/ld+json\" class=\"yoast-schema-graph\">{\"@context\":\"https:\/\/schema.org\",\"@graph\":[{\"@type\":\"WebPage\",\"@id\":\"https:\/\/intest.inapp.org\/accreditamento\/dispositivi-di-accreditamento\/umbria\/\",\"url\":\"https:\/\/intest.inapp.org\/accreditamento\/dispositivi-di-accreditamento\/umbria\/\",\"name\":\"Umbria - Portale accreditamento\",\"isPartOf\":{\"@id\":\"https:\/\/intest.inapp.org\/accreditamento\/#website\"},\"datePublished\":\"2022-05-20T04:46:14+00:00\",\"dateModified\":\"2023-03-22T11:07:21+00:00\",\"breadcrumb\":{\"@id\":\"https:\/\/intest.inapp.org\/accreditamento\/dispositivi-di-accreditamento\/umbria\/#breadcrumb\"},\"inLanguage\":\"it-IT\",\"potentialAction\":[{\"@type\":\"ReadAction\",\"target\":[\"https:\/\/intest.inapp.org\/accreditamento\/dispositivi-di-accreditamento\/umbria\/\"]}]},{\"@type\":\"BreadcrumbList\",\"@id\":\"https:\/\/intest.inapp.org\/accreditamento\/dispositivi-di-accreditamento\/umbria\/#breadcrumb\",\"itemListElement\":[{\"@type\":\"ListItem\",\"position\":1,\"name\":\"Home\",\"item\":\"https:\/\/intest.inapp.org\/accreditamento\/\"},{\"@type\":\"ListItem\",\"position\":2,\"name\":\"Dispositivi di accreditamento\",\"item\":\"https:\/\/intest.inapp.org\/accreditamento\/dispositivi-di-accreditamento\/\"},{\"@type\":\"ListItem\",\"position\":3,\"name\":\"Umbria\"}]},{\"@type\":\"WebSite\",\"@id\":\"https:\/\/intest.inapp.org\/accreditamento\/#website\",\"url\":\"https:\/\/intest.inapp.org\/accreditamento\/\",\"name\":\"Portale accreditamento\",\"description\":\"Ecco un altro sito INAPP siti\",\"publisher\":{\"@id\":\"https:\/\/intest.inapp.org\/accreditamento\/#organization\"},\"potentialAction\":[{\"@type\":\"SearchAction\",\"target\":{\"@type\":\"EntryPoint\",\"urlTemplate\":\"https:\/\/intest.inapp.org\/accreditamento\/?s={search_term_string}\"},\"query-input\":\"required name=search_term_string\"}],\"inLanguage\":\"it-IT\"},{\"@type\":\"Organization\",\"@id\":\"https:\/\/intest.inapp.org\/accreditamento\/#organization\",\"name\":\"Portale accreditamento\",\"url\":\"https:\/\/intest.inapp.org\/accreditamento\/\",\"logo\":{\"@type\":\"ImageObject\",\"inLanguage\":\"it-IT\",\"@id\":\"https:\/\/intest.inapp.org\/accreditamento\/#\/schema\/logo\/image\/\",\"url\":\"https:\/\/intest.inapp.org\/accreditamento\/wp-content\/uploads\/sites\/4\/2022\/04\/cropped-Inapp_accreditamento_logo_white_270322_E.png\",\"contentUrl\":\"https:\/\/intest.inapp.org\/accreditamento\/wp-content\/uploads\/sites\/4\/2022\/04\/cropped-Inapp_accreditamento_logo_white_270322_E.png\",\"width\":635,\"height\":67,\"caption\":\"Portale accreditamento\"},\"image\":{\"@id\":\"https:\/\/intest.inapp.org\/accreditamento\/#\/schema\/logo\/image\/\"}}]}<\/script>\n<!-- \/ Yoast SEO plugin. -->","yoast_head_json":{"title":"Umbria - Portale accreditamento","robots":{"index":"index","follow":"follow","max-snippet":"max-snippet:-1","max-image-preview":"max-image-preview:large","max-video-preview":"max-video-preview:-1"},"canonical":"https:\/\/intest.inapp.org\/accreditamento\/dispositivi-di-accreditamento\/umbria\/","og_locale":"it_IT","og_type":"article","og_title":"Umbria - Portale accreditamento","og_description":"La normativa regionale relativa all\u2019accreditamento degli organismi formativi \u00e8 stata approvata nel 2004 ed \u00e8 stata oggetto di successive revisioni. L\u2019accreditamento per la formazione e quello per i servizi al lavoro sono in parte integrati e gestiti dalla stessa struttura regionale: gli organismi gi\u00e0 accreditati per la formazione non devono documentare alcuni requisiti per l\u2019accreditamento [&hellip;]","og_url":"https:\/\/intest.inapp.org\/accreditamento\/dispositivi-di-accreditamento\/umbria\/","og_site_name":"Portale accreditamento","article_modified_time":"2023-03-22T11:07:21+00:00","twitter_card":"summary_large_image","twitter_misc":{"Tempo di lettura stimato":"2 minuti"},"schema":{"@context":"https:\/\/schema.org","@graph":[{"@type":"WebPage","@id":"https:\/\/intest.inapp.org\/accreditamento\/dispositivi-di-accreditamento\/umbria\/","url":"https:\/\/intest.inapp.org\/accreditamento\/dispositivi-di-accreditamento\/umbria\/","name":"Umbria - Portale accreditamento","isPartOf":{"@id":"https:\/\/intest.inapp.org\/accreditamento\/#website"},"datePublished":"2022-05-20T04:46:14+00:00","dateModified":"2023-03-22T11:07:21+00:00","breadcrumb":{"@id":"https:\/\/intest.inapp.org\/accreditamento\/dispositivi-di-accreditamento\/umbria\/#breadcrumb"},"inLanguage":"it-IT","potentialAction":[{"@type":"ReadAction","target":["https:\/\/intest.inapp.org\/accreditamento\/dispositivi-di-accreditamento\/umbria\/"]}]},{"@type":"BreadcrumbList","@id":"https:\/\/intest.inapp.org\/accreditamento\/dispositivi-di-accreditamento\/umbria\/#breadcrumb","itemListElement":[{"@type":"ListItem","position":1,"name":"Home","item":"https:\/\/intest.inapp.org\/accreditamento\/"},{"@type":"ListItem","position":2,"name":"Dispositivi di accreditamento","item":"https:\/\/intest.inapp.org\/accreditamento\/dispositivi-di-accreditamento\/"},{"@type":"ListItem","position":3,"name":"Umbria"}]},{"@type":"WebSite","@id":"https:\/\/intest.inapp.org\/accreditamento\/#website","url":"https:\/\/intest.inapp.org\/accreditamento\/","name":"Portale accreditamento","description":"Ecco un altro sito INAPP siti","publisher":{"@id":"https:\/\/intest.inapp.org\/accreditamento\/#organization"},"potentialAction":[{"@type":"SearchAction","target":{"@type":"EntryPoint","urlTemplate":"https:\/\/intest.inapp.org\/accreditamento\/?s={search_term_string}"},"query-input":"required name=search_term_string"}],"inLanguage":"it-IT"},{"@type":"Organization","@id":"https:\/\/intest.inapp.org\/accreditamento\/#organization","name":"Portale accreditamento","url":"https:\/\/intest.inapp.org\/accreditamento\/","logo":{"@type":"ImageObject","inLanguage":"it-IT","@id":"https:\/\/intest.inapp.org\/accreditamento\/#\/schema\/logo\/image\/","url":"https:\/\/intest.inapp.org\/accreditamento\/wp-content\/uploads\/sites\/4\/2022\/04\/cropped-Inapp_accreditamento_logo_white_270322_E.png","contentUrl":"https:\/\/intest.inapp.org\/accreditamento\/wp-content\/uploads\/sites\/4\/2022\/04\/cropped-Inapp_accreditamento_logo_white_270322_E.png","width":635,"height":67,"caption":"Portale accreditamento"},"image":{"@id":"https:\/\/intest.inapp.org\/accreditamento\/#\/schema\/logo\/image\/"}}]}},"_links":{"self":[{"href":"https:\/\/intest.inapp.org\/accreditamento\/wp-json\/wp\/v2\/pages\/44"}],"collection":[{"href":"https:\/\/intest.inapp.org\/accreditamento\/wp-json\/wp\/v2\/pages"}],"about":[{"href":"https:\/\/intest.inapp.org\/accreditamento\/wp-json\/wp\/v2\/types\/page"}],"author":[{"embeddable":true,"href":"https:\/\/intest.inapp.org\/accreditamento\/wp-json\/wp\/v2\/users\/1"}],"replies":[{"embeddable":true,"href":"https:\/\/intest.inapp.org\/accreditamento\/wp-json\/wp\/v2\/comments?post=44"}],"version-history":[{"count":3,"href":"https:\/\/intest.inapp.org\/accreditamento\/wp-json\/wp\/v2\/pages\/44\/revisions"}],"predecessor-version":[{"id":30549,"href":"https:\/\/intest.inapp.org\/accreditamento\/wp-json\/wp\/v2\/pages\/44\/revisions\/30549"}],"up":[{"embeddable":true,"href":"https:\/\/intest.inapp.org\/accreditamento\/wp-json\/wp\/v2\/pages\/2"}],"wp:attachment":[{"href":"https:\/\/intest.inapp.org\/accreditamento\/wp-json\/wp\/v2\/media?parent=44"}],"curies":[{"name":"wp","href":"https:\/\/api.w.org\/{rel}","templated":true}]}}