{"id":723,"date":"2024-12-08T18:43:46","date_gmt":"2024-12-08T17:43:46","guid":{"rendered":"https:\/\/ww7.inapp.org\/atlantelavoro\/?page_id=723"},"modified":"2024-12-08T18:43:46","modified_gmt":"2024-12-08T17:43:46","slug":"esplora-per-saperne-di-piu","status":"publish","type":"page","link":"https:\/\/intest.inapp.org\/atlantelavoro\/esplora\/esplora-per-saperne-di-piu\/","title":{"rendered":"Esplora: Per saperne di pi\u00f9"},"content":{"rendered":"\n<h2 class=\"wp-block-heading\"><strong>Ricerca ADA<\/strong><\/h2>\n\n\n\n<p><strong>La ricerca di un\u2019ADA per parola chiave \u00e8 impostata di default. <\/strong>\u00c8 possibile cambiare l\u2019impostazione sia aggiungendo il filtro \u2018nelle qualificazioni associate alle ADA\u2019 e\/o \u2018nelle schede di caso\u2019, sia deselezionando alcuni campi. \u00c8 inoltre possibile affinare la ricerca selezionando uno o pi\u00f9 SEP e\/o riferendola a uno o pi\u00f9 codici di classificazione statistica (ATECO 2007 e CP2021). Nel filtro CP2021 \u00e8 possibile inserire anche una professione esemplificativa che verr\u00e0 automaticamente ricondotta al codice del V digit che la ricomprende (ovvero all\u2019unit\u00e0 professionale (V digit) secondo la struttura della classificazione delle professioni dell\u2019Istat). Come risultato della ricerca si otterr\u00e0 un elenco di ADA corrispondenti ai criteri di ricerca.<\/p>\n\n\n\n<h2 class=\"wp-block-heading\"><strong>Ricerca Qualificazioni<\/strong><\/h2>\n\n\n\n<p><strong>La ricerca di una QUALIFICAZIONE per parola chiave \u00e8 impostata di default, ma \u00e8 necessario selezionare a monte la filiera formativa di riferimento per finalizzare la ricerca<\/strong>. \u00c8 possibile estendere la ricerca anche alle <strong>descrizioni<\/strong> delle qualificazioni, ovvero le competenze, le conoscenze e le abilit\u00e0. \u00c8 possibile affinare la ricerca circostanziandola ad uno o pi\u00f9 SEP e\/o riferendola ad uno o pi\u00f9 codici delle due classificazioni statistiche Istat ATECO 2007 e CP2021. \u00c8 inoltre possibile inserire nel filtro CP2021 una professione esemplificativa che verr\u00e0 automaticamente ricondotta al relativo codice del V digit che la ricomprende (rispettando la struttura della classificazione Istat). Come risultato della ricerca si otterr\u00e0 un elenco di QUALIFICAZIONI corrispondenti ai criteri di ricerca.<\/p>\n\n\n\n<h2 class=\"wp-block-heading\"><strong>Ricerca Professioni<\/strong><\/h2>\n\n\n\n<p><strong>La ricerca di una PROFESSIONE per parola chiave \u00e8 impostata di default, ma \u00e8 possibile estendere la ricerca anche alle descrizioni delle professioni, <\/strong>ovvero a tutto il patrimonio informativo disponibile in Atlante, inclusa la normativa e i requisiti. \u00c8 inoltre possibile affinare la ricerca selezionando uno o pi\u00f9 SEP e\/o riferendola a uno o pi\u00f9 codici di classificazione statistica CP2021. Nel filtro CP2021 \u00e8 possibile inserire anche una professione esemplificativa che verr\u00e0 automaticamente ricondotta al codice del V digit che la ricomprende (rispettando la struttura della classificazione Istat). Come risultato della ricerca si otterr\u00e0 un elenco di PROFESSIONI corrispondenti ai criteri di ricerca.<\/p>\n","protected":false},"excerpt":{"rendered":"<p>Ricerca ADA La ricerca di un\u2019ADA per parola chiave \u00e8 impostata di default. \u00c8 possibile cambiare l\u2019impostazione sia aggiungendo il filtro \u2018nelle qualificazioni associate alle ADA\u2019 e\/o \u2018nelle schede di caso\u2019, sia deselezionando alcuni campi. \u00c8 inoltre possibile affinare la ricerca selezionando uno o pi\u00f9 SEP e\/o riferendola a uno o pi\u00f9 codici di classificazione [&hellip;]<\/p>\n","protected":false},"author":1,"featured_media":0,"parent":90,"menu_order":0,"comment_status":"closed","ping_status":"closed","template":"pagina-intera.php","meta":{"footnotes":""},"acf":[],"yoast_head":"<!-- This site is optimized with the Yoast SEO plugin v21.1 - https:\/\/yoast.com\/wordpress\/plugins\/seo\/ -->\n<title>Esplora: Per saperne di pi\u00f9 - Atlante Lavoro<\/title>\n<meta name=\"robots\" content=\"index, follow, max-snippet:-1, max-image-preview:large, max-video-preview:-1\" \/>\n<link rel=\"canonical\" href=\"https:\/\/intest.inapp.org\/atlantelavoro\/esplora\/esplora-per-saperne-di-piu\/\" \/>\n<meta property=\"og:locale\" content=\"it_IT\" \/>\n<meta property=\"og:type\" content=\"article\" \/>\n<meta property=\"og:title\" content=\"Esplora: Per saperne di pi\u00f9 - Atlante Lavoro\" \/>\n<meta property=\"og:description\" content=\"Ricerca ADA La ricerca di un\u2019ADA per parola chiave \u00e8 impostata di default. \u00c8 possibile cambiare l\u2019impostazione sia aggiungendo il filtro \u2018nelle qualificazioni associate alle ADA\u2019 e\/o \u2018nelle schede di caso\u2019, sia deselezionando alcuni campi. \u00c8 inoltre possibile affinare la ricerca selezionando uno o pi\u00f9 SEP e\/o riferendola a uno o pi\u00f9 codici di classificazione [&hellip;]\" \/>\n<meta property=\"og:url\" content=\"https:\/\/intest.inapp.org\/atlantelavoro\/esplora\/esplora-per-saperne-di-piu\/\" \/>\n<meta property=\"og:site_name\" content=\"Atlante Lavoro\" \/>\n<meta name=\"twitter:card\" content=\"summary_large_image\" \/>\n<meta name=\"twitter:label1\" content=\"Tempo di lettura stimato\" \/>\n\t<meta name=\"twitter:data1\" content=\"2 minuti\" \/>\n<script type=\"application\/ld+json\" class=\"yoast-schema-graph\">{\"@context\":\"https:\/\/schema.org\",\"@graph\":[{\"@type\":\"WebPage\",\"@id\":\"https:\/\/intest.inapp.org\/atlantelavoro\/esplora\/esplora-per-saperne-di-piu\/\",\"url\":\"https:\/\/intest.inapp.org\/atlantelavoro\/esplora\/esplora-per-saperne-di-piu\/\",\"name\":\"Esplora: Per saperne di pi\u00f9 - Atlante Lavoro\",\"isPartOf\":{\"@id\":\"https:\/\/intest.inapp.org\/atlantelavoro\/#website\"},\"datePublished\":\"2024-12-08T17:43:46+00:00\",\"dateModified\":\"2024-12-08T17:43:46+00:00\",\"breadcrumb\":{\"@id\":\"https:\/\/intest.inapp.org\/atlantelavoro\/esplora\/esplora-per-saperne-di-piu\/#breadcrumb\"},\"inLanguage\":\"it-IT\",\"potentialAction\":[{\"@type\":\"ReadAction\",\"target\":[\"https:\/\/intest.inapp.org\/atlantelavoro\/esplora\/esplora-per-saperne-di-piu\/\"]}]},{\"@type\":\"BreadcrumbList\",\"@id\":\"https:\/\/intest.inapp.org\/atlantelavoro\/esplora\/esplora-per-saperne-di-piu\/#breadcrumb\",\"itemListElement\":[{\"@type\":\"ListItem\",\"position\":1,\"name\":\"Home\",\"item\":\"https:\/\/intest.inapp.org\/atlantelavoro\/\"},{\"@type\":\"ListItem\",\"position\":2,\"name\":\"Esplora\",\"item\":\"https:\/\/intest.inapp.org\/atlantelavoro\/esplora\/\"},{\"@type\":\"ListItem\",\"position\":3,\"name\":\"Esplora: Per saperne di pi\u00f9\"}]},{\"@type\":\"WebSite\",\"@id\":\"https:\/\/intest.inapp.org\/atlantelavoro\/#website\",\"url\":\"https:\/\/intest.inapp.org\/atlantelavoro\/\",\"name\":\"Atlante Lavoro\",\"description\":\"\",\"potentialAction\":[{\"@type\":\"SearchAction\",\"target\":{\"@type\":\"EntryPoint\",\"urlTemplate\":\"https:\/\/intest.inapp.org\/atlantelavoro\/?s={search_term_string}\"},\"query-input\":\"required name=search_term_string\"}],\"inLanguage\":\"it-IT\"}]}<\/script>\n<!-- \/ Yoast SEO plugin. -->","yoast_head_json":{"title":"Esplora: Per saperne di pi\u00f9 - Atlante Lavoro","robots":{"index":"index","follow":"follow","max-snippet":"max-snippet:-1","max-image-preview":"max-image-preview:large","max-video-preview":"max-video-preview:-1"},"canonical":"https:\/\/intest.inapp.org\/atlantelavoro\/esplora\/esplora-per-saperne-di-piu\/","og_locale":"it_IT","og_type":"article","og_title":"Esplora: Per saperne di pi\u00f9 - Atlante Lavoro","og_description":"Ricerca ADA La ricerca di un\u2019ADA per parola chiave \u00e8 impostata di default. \u00c8 possibile cambiare l\u2019impostazione sia aggiungendo il filtro \u2018nelle qualificazioni associate alle ADA\u2019 e\/o \u2018nelle schede di caso\u2019, sia deselezionando alcuni campi. \u00c8 inoltre possibile affinare la ricerca selezionando uno o pi\u00f9 SEP e\/o riferendola a uno o pi\u00f9 codici di classificazione [&hellip;]","og_url":"https:\/\/intest.inapp.org\/atlantelavoro\/esplora\/esplora-per-saperne-di-piu\/","og_site_name":"Atlante Lavoro","twitter_card":"summary_large_image","twitter_misc":{"Tempo di lettura stimato":"2 minuti"},"schema":{"@context":"https:\/\/schema.org","@graph":[{"@type":"WebPage","@id":"https:\/\/intest.inapp.org\/atlantelavoro\/esplora\/esplora-per-saperne-di-piu\/","url":"https:\/\/intest.inapp.org\/atlantelavoro\/esplora\/esplora-per-saperne-di-piu\/","name":"Esplora: Per saperne di pi\u00f9 - Atlante Lavoro","isPartOf":{"@id":"https:\/\/intest.inapp.org\/atlantelavoro\/#website"},"datePublished":"2024-12-08T17:43:46+00:00","dateModified":"2024-12-08T17:43:46+00:00","breadcrumb":{"@id":"https:\/\/intest.inapp.org\/atlantelavoro\/esplora\/esplora-per-saperne-di-piu\/#breadcrumb"},"inLanguage":"it-IT","potentialAction":[{"@type":"ReadAction","target":["https:\/\/intest.inapp.org\/atlantelavoro\/esplora\/esplora-per-saperne-di-piu\/"]}]},{"@type":"BreadcrumbList","@id":"https:\/\/intest.inapp.org\/atlantelavoro\/esplora\/esplora-per-saperne-di-piu\/#breadcrumb","itemListElement":[{"@type":"ListItem","position":1,"name":"Home","item":"https:\/\/intest.inapp.org\/atlantelavoro\/"},{"@type":"ListItem","position":2,"name":"Esplora","item":"https:\/\/intest.inapp.org\/atlantelavoro\/esplora\/"},{"@type":"ListItem","position":3,"name":"Esplora: Per saperne di pi\u00f9"}]},{"@type":"WebSite","@id":"https:\/\/intest.inapp.org\/atlantelavoro\/#website","url":"https:\/\/intest.inapp.org\/atlantelavoro\/","name":"Atlante Lavoro","description":"","potentialAction":[{"@type":"SearchAction","target":{"@type":"EntryPoint","urlTemplate":"https:\/\/intest.inapp.org\/atlantelavoro\/?s={search_term_string}"},"query-input":"required name=search_term_string"}],"inLanguage":"it-IT"}]}},"_links":{"self":[{"href":"https:\/\/intest.inapp.org\/atlantelavoro\/wp-json\/wp\/v2\/pages\/723"}],"collection":[{"href":"https:\/\/intest.inapp.org\/atlantelavoro\/wp-json\/wp\/v2\/pages"}],"about":[{"href":"https:\/\/intest.inapp.org\/atlantelavoro\/wp-json\/wp\/v2\/types\/page"}],"author":[{"embeddable":true,"href":"https:\/\/intest.inapp.org\/atlantelavoro\/wp-json\/wp\/v2\/users\/1"}],"replies":[{"embeddable":true,"href":"https:\/\/intest.inapp.org\/atlantelavoro\/wp-json\/wp\/v2\/comments?post=723"}],"version-history":[{"count":0,"href":"https:\/\/intest.inapp.org\/atlantelavoro\/wp-json\/wp\/v2\/pages\/723\/revisions"}],"up":[{"embeddable":true,"href":"https:\/\/intest.inapp.org\/atlantelavoro\/wp-json\/wp\/v2\/pages\/90"}],"wp:attachment":[{"href":"https:\/\/intest.inapp.org\/atlantelavoro\/wp-json\/wp\/v2\/media?parent=723"}],"curies":[{"name":"wp","href":"https:\/\/api.w.org\/{rel}","templated":true}]}}

Esplora: Per saperne di più

<h2 class="wp-block-heading"><strong>Ricerca ADA</strong></h2>



<p><strong>La ricerca di un’ADA per parola chiave è impostata di default. </strong>È possibile cambiare l’impostazione sia aggiungendo il filtro ‘nelle qualificazioni associate alle ADA’ e/o ‘nelle schede di caso’, sia deselezionando alcuni campi. È inoltre possibile affinare la ricerca selezionando uno o più SEP e/o riferendola a uno o più codici di classificazione statistica (ATECO 2007 e CP2021). Nel filtro CP2021 è possibile inserire anche una professione esemplificativa che verrà automaticamente ricondotta al codice del V digit che la ricomprende (ovvero all’unità professionale (V digit) secondo la struttura della classificazione delle professioni dell’Istat). Come risultato della ricerca si otterrà un elenco di ADA corrispondenti ai criteri di ricerca.</p>



<h2 class="wp-block-heading"><strong>Ricerca Qualificazioni</strong></h2>



<p><strong>La ricerca di una QUALIFICAZIONE per parola chiave è impostata di default, ma è necessario selezionare a monte la filiera formativa di riferimento per finalizzare la ricerca</strong>. È possibile estendere la ricerca anche alle <strong>descrizioni</strong> delle qualificazioni, ovvero le competenze, le conoscenze e le abilità. È possibile affinare la ricerca circostanziandola ad uno o più SEP e/o riferendola ad uno o più codici delle due classificazioni statistiche Istat ATECO 2007 e CP2021. È inoltre possibile inserire nel filtro CP2021 una professione esemplificativa che verrà automaticamente ricondotta al relativo codice del V digit che la ricomprende (rispettando la struttura della classificazione Istat). Come risultato della ricerca si otterrà un elenco di QUALIFICAZIONI corrispondenti ai criteri di ricerca.</p>



<h2 class="wp-block-heading"><strong>Ricerca Professioni</strong></h2>



<p><strong>La ricerca di una PROFESSIONE per parola chiave è impostata di default, ma è possibile estendere la ricerca anche alle descrizioni delle professioni, </strong>ovvero a tutto il patrimonio informativo disponibile in Atlante, inclusa la normativa e i requisiti. È inoltre possibile affinare la ricerca selezionando uno o più SEP e/o riferendola a uno o più codici di classificazione statistica CP2021. Nel filtro CP2021 è possibile inserire anche una professione esemplificativa che verrà automaticamente ricondotta al codice del V digit che la ricomprende (rispettando la struttura della classificazione Istat). Come risultato della ricerca si otterrà un elenco di PROFESSIONI corrispondenti ai criteri di ricerca.</p>

<p>Ricerca ADA La ricerca di un’ADA per parola chiave è impostata di default. È possibile cambiare l’impostazione sia aggiungendo il filtro ‘nelle qualificazioni associate alle ADA’ e/o ‘nelle schede di caso’, sia deselezionando alcuni campi. È inoltre possibile affinare la ricerca selezionando uno o più SEP e/o riferendola a uno o più codici di classificazione [&hellip;]</p>

<!-- This site is optimized with the Yoast SEO plugin v21.1 - https://yoast.com/wordpress/plugins/seo/ -->
<title>Esplora: Per saperne di più - Atlante Lavoro</title>
<meta name="robots" content="index, follow, max-snippet:-1, max-image-preview:large, max-video-preview:-1" />
<link rel="canonical" href="https://intest.inapp.org/atlantelavoro/esplora/esplora-per-saperne-di-piu/" />
<meta property="og:locale" content="it_IT" />
<meta property="og:type" content="article" />
<meta property="og:title" content="Esplora: Per saperne di più - Atlante Lavoro" />
<meta property="og:description" content="Ricerca ADA La ricerca di un’ADA per parola chiave è impostata di default. È possibile cambiare l’impostazione sia aggiungendo il filtro ‘nelle qualificazioni associate alle ADA’ e/o ‘nelle schede di caso’, sia deselezionando alcuni campi. È inoltre possibile affinare la ricerca selezionando uno o più SEP e/o riferendola a uno o più codici di classificazione [&hellip;]" />
<meta property="og:url" content="https://intest.inapp.org/atlantelavoro/esplora/esplora-per-saperne-di-piu/" />
<meta property="og:site_name" content="Atlante Lavoro" />
<meta name="twitter:card" content="summary_large_image" />
<meta name="twitter:label1" content="Tempo di lettura stimato" />
	<meta name="twitter:data1" content="2 minuti" />
<script type="application/ld+json" class="yoast-schema-graph">{"@context":"https://schema.org","@graph":[{"@type":"WebPage","@id":"https://intest.inapp.org/atlantelavoro/esplora/esplora-per-saperne-di-piu/","url":"https://intest.inapp.org/atlantelavoro/esplora/esplora-per-saperne-di-piu/","name":"Esplora: Per saperne di più - Atlante Lavoro","isPartOf":{"@id":"https://intest.inapp.org/atlantelavoro/#website"},"datePublished":"2024-12-08T17:43:46+00:00","dateModified":"2024-12-08T17:43:46+00:00","breadcrumb":{"@id":"https://intest.inapp.org/atlantelavoro/esplora/esplora-per-saperne-di-piu/#breadcrumb"},"inLanguage":"it-IT","potentialAction":[{"@type":"ReadAction","target":["https://intest.inapp.org/atlantelavoro/esplora/esplora-per-saperne-di-piu/"]}]},{"@type":"BreadcrumbList","@id":"https://intest.inapp.org/atlantelavoro/esplora/esplora-per-saperne-di-piu/#breadcrumb","itemListElement":[{"@type":"ListItem","position":1,"name":"Home","item":"https://intest.inapp.org/atlantelavoro/"},{"@type":"ListItem","position":2,"name":"Esplora","item":"https://intest.inapp.org/atlantelavoro/esplora/"},{"@type":"ListItem","position":3,"name":"Esplora: Per saperne di più"}]},{"@type":"WebSite","@id":"https://intest.inapp.org/atlantelavoro/#website","url":"https://intest.inapp.org/atlantelavoro/","name":"Atlante Lavoro","description":"","potentialAction":[{"@type":"SearchAction","target":{"@type":"EntryPoint","urlTemplate":"https://intest.inapp.org/atlantelavoro/?s={search_term_string}"},"query-input":"required name=search_term_string"}],"inLanguage":"it-IT"}]}</script>
<!-- / Yoast SEO plugin. -->

Esplora: Per saperne di più - Atlante Lavoro

Ricerca ADA La ricerca di un’ADA per parola chiave è impostata di default. È possibile cambiare l’impostazione sia aggiungendo il filtro ‘nelle qualificazioni associate alle ADA’ e/o ‘nelle schede di caso’, sia deselezionando alcuni campi. È inoltre possibile affinare la ricerca selezionando uno o più SEP e/o riferendola a uno o più codici di classificazione [&hellip;]
